464909 composite?
True
Is 1783 prime?
True
Is 1714 a prime number?
False
Is 51371 a composite number?
True
Is 858449 composite?
True
Is 758018 composite?
True
Is 114859 a prime number?
True
Is 649 a prime number?
False
Is 12461 prime?
False
Is 22423 a composite number?
True
Is 2039 prime?
True
Is 298 composite?
True
Is 128903 composite?
False
Is 13501 a composite number?
True
Is 67171 a prime number?
False
Is 7427 a composite number?
True
Is 2521 composite?
False
Is 12569 prime?
True
Is 6823 composite?
False
Is 6761 a prime number?
True
Is 4751 composite?
False
Is 4625927 composite?
False
Is 359057 a prime number?
False
Is 7349 a prime number?
True
Is 10951 composite?
True
Is 359 composite?
False
Is 4561 a composite number?
False
Is 525391 a composite number?
False
Is 17657 prime?
True
Is 47051 prime?
True
Is 4271 a composite number?
False
Is 1059029 a composite number?
False
Is 1299437 a composite number?
False
Is 447091 a composite number?
True
Is 33547 prime?
True
Is 345181 prime?
True
Is 15482 a composite number?
True
Is 315247 composite?
False
Is 327059 a prime number?
True
Is 306011 a prime number?
True
Is 6731 composite?
True
Is 22171 prime?
True
Is 10289 prime?
True
Is 27661 composite?
True
Is 161917 a composite number?
True
Is 20593 prime?
True
Is 177091 prime?
True
Is 456871 prime?
True
Is 901 composite?
True
Is 229867 prime?
False
Is 22787 prime?
True
Is 12526 prime?
False
Is 153641 a prime number?
True
Is 1313029 a prime number?
False
Is 437411 composite?
True
Is 687893 composite?
False
Is 4547 a composite number?
False
Is 911633 a prime number?
True
Is 22613 composite?
False
Is 390589 composite?
True
Is 280759 prime?
True
Is 580391 prime?
False
Is 24607 composite?
True
Is 2609 a prime number?
True
Is 1937 composite?
True
Is 1620259 composite?
True
Is 1861 a composite number?
False
Is 22181 a composite number?
True
Is 182023 composite?
True
Is 22339 a prime number?
False
Is 113233 a prime number?
True
Is 7613 a composite number?
True
Is 1546757 a composite number?
False
Is 95003 a composite number?
False
Is 922853 a prime number?
True
Is 78205 prime?
False
Is 136717 a composite number?
True
Is 30035 prime?
False
Is 21851 a prime number?
True
Is 667 composite?
True
Is 4382905 prime?
False
Is 10973 prime?
True
Is 572269 a composite number?
False
Is 6333 composite?
True
Is 6299 composite?
False
Is 472911 a prime number?
False
Is 229778 a composite number?
True
Is 9527 a prime number?
False
Is 62255 a composite number?
True
Is 668851 composite?
False
Is 416201 a prime number?
True
Is 2045 prime?
False
Is 377 prime?
False
Is 144269 composite?
True
Is 28738 a composite number?
True
Is 633559 a prime number?
True
Is 37217 a composite number?
False
Is 8497 composite?
True
Is 87739 prime?
True
Is 355211 composite?
False
Is 93601 composite?
False
Is 22853 a prime number?
True
Is 1112197 a composite number?
False
Is 69449 a prime number?
False
Is 1610027 a prime number?
True
Is 4663 composite?
False
Is 2458821 a prime number?
False
Is 193337 prime?
True
Is 502955 prime?
False
Is 130514 prime?
False
Is 48319 composite?
True
Is 25777 composite?
True
Is 2477 a prime number?
True
Is 1800889 a composite number?
False
Is 28403 prime?
True
Is 679121 composite?
True
Is 471007 composite?
False
Is 136083 composite?
True
Is 132589 a prime number?
True
Is 410961 a prime number?
False
Is 998237 a composite number?
False
Is 2654 a composite number?
True
Is 102917 a composite number?
True
Is 13217 a prime number?
True
Is 277157 composite?
False
Is 142763 a composite number?
True
Is 36899 a composite number?
False
Is 438169 prime?
True
Is 3149 a composite number?
True
Is 137339 prime?
True
Is 32117 a composite number?
False
Is 23915 a prime number?
False
Is 639983 a prime number?
True
Is 11917 composite?
True
Is 30763 a composite number?
False
Is 37333 prime?
False
Is 119653 prime?
True
Is 372179 prime?
True
Is 3203 composite?
False
Is 7283 a composite number?
False
Is 81643 a prime number?
False
Is 417103 composite?
True
Is 55613 prime?
False
Is 27074 prime?
False
Is 36433 prime?
True
Is 122651 composite?
False
Is 3099707 prime?
False
Is 1282 a composite number?
True
Is 1219 prime?
False
Is 347 a prime number?
True
Is 689 prime?
False
Is 27767 prime?
True
Is 2149 composite?
True
Is 9521 composite?
False
Is 37211 a prime number?
False
Is 314603 prime?
True
Is 414523 composite?
True
Is 1612177 composite?
True
Is 542371 a prime number?
True
Is 63029 a composite number?
False
Is 16285 composite?
True
Is 1009 prime?
True
Is 13553 composite?
False
Is 828829 composite?
False
Is 983251 a prime number?
False
Is 10977 a prime number?
False
Is 28553 prime?
False
Is 12187 prime?
False
Is 189889 prime?
False
Is 1151 prime?
True
Is 743747 a composite number?
False
Is 1321007 prime?
True
Is 557 a prime number?
True
Is 4307 a prime number?
False
Is 40879 composite?
False
Is 42857 composite?
True
Is 5951 a prime number?
False
Is 43853 prime?
True
Is 10367 a composite number?
True
Is 23929 a prime number?
True
Is 4569 a composite number?
True
Is 38371 prime?
True
Is 228809 composite?
True
Is 119842 prime?
False
Is 111143 composite?
False
Is 102359 a composite number?
False
Is 606299 prime?
True
Is 4327 prime?
True
Is 2129 a prime number?
True
Is 21782 prime?
False
Is 179913 a composite number?
True
Is 188371 prime?
False
Is 48073 a composite number?
False
Is 47933 a composite number?
False
Is 34309 a composite number?
True
Is 305239 prime?
False
Is 38993 a prime number?
True
Is 80737 composite?
False
Is 2530039 a composite number?
False
Is 7903 a prime number?
False
Is 2533 composite?
True
Is 233441 a prime number?
False
Is 726391 a prime number?
True
Is 783527 composite?
False
Is 567143 composite?
False
Is 45751 a prime number?
True
Is 50833 a prime number?
True
Is 228365 prime?
False
Is 2095 prime?
False
Is 410863 a composite number?
True
Is 146999 composite?
True
Is 2897 a composite number?
False
Is 32117 composite?
False
Is 3137 prime?
True
Is 22739 a composite number?
False
Is 491 a composite number?
False
Is 32497 a composite number?
False
Is 1168105 a prime number?
False
Is 25495 composite?
True
Is 40189 prime?
True
Is 6599 composite?
False
Is 301349 composite?
False
Is 2672009 prime?
False
Is 14867 a prime number?
True
Is 10133 a prime number?
True
Is 701 a prime number?
True
Is 35339 a composite number?
False
Is 1639 composite?
True
Is 7555 prime?
False
Is 76354 a composite number?
True
Is 48421 composite?
True
Is 226679 a prime number?
False
Is 958 a prime number?
False
Is 4367 composite?
True
Is 55369 a composite number?
True
Is 1571707 a prime number?
True
Is 1305097 composite?
False
Is 107599 composite?
False
Is 253 composite?
True
Is 331801 a prime number?
True
Is 21635 a prime number?
False
Is 7509 a composite number?
True
Is 3107 a prime number?
False
Is 228493 a composite number?
True
Is 260713 prime?
True
Is 92251 composite?
False
Is 176419 a prime number?
True
Is 3953 a composite number?
True
Is 17821 a prime number?
False
Is 27847 a prime number?
True
Is 84259 a prime number?
False
Is 2179 prime?
True
Is 13799 a prime number?
True
Is 102137 prime?
False
Is 246097 a composite number?
False
Is 277411 a composite number?
False
Is 15653 a composite number?
True
Is 357041 a composite number?
True
Is 4915 prime?
False
Is 7607 a composite number?
False
Is 119345 prime?
False
Is 11159 prime?
True
Is 19207 a composite number?
False
Is 34769 a composite number?
True
Is 150933 a prime number?
False
Is 533 composite?
True
Is 2741 a composite number?
False
Is 3049 a prime number?
True
Is 3695 a composite number?
True
Is 175979 a prime number?
True
Is 378739 composite?
False
Is 44143 a composite number?
True
Is 31367 a composite number?
True
Is 72949 prime?
True
Is 45989 a prime number?
True
Is 86962 composite?
True
Is 76469 composite?
True
Is 44519 prime?
True
Is 272069 composite?
True
Is 17137 a prime number?
True
Is 31919 prime?
False
Is 85597 a prime number?
True
Is 807463 a composite number?
False
Is 1709 prime?
True
Is 305027 prime?
False
Is 42509 a prime number?
True
Is 25031 prime?
True
Is 273601 prime?
True
Is 54419 a composite number?
False
Is 44615 composite?
True
Is 50669 prime?
False
Is 387007 a prime number?
True
Is 691109 prime?
True
Is 246313 prime